 5)) + (6 - 1).
4
What is -3 - ((-3 - -6) + -4)?
-2
What is -6 - (-4 - -5 - 4) - 4?
-7
(-8 - -13) + (-1 - 7)
-3
What is -73 - -58 - (-23 + 0)?
8
What is (1 - 5) + 0 + -2 + 12?
6
What is (3 - 10) + 3 + (2 - 4)?
-6
What is -9 + (4 - (-4 - -4))?
-5
Calculate (1 - -2) + 4 + -5.
2
24 + -30 - (-1 - 0)
-5
What is -3 + (-2 - -5 - 2) - -3?
1
What is -6 - (4 + 3 + -11)?
-2
Evaluate 1 + 2 - (-1 - 1 - -2).
3
What is the value of (9 - (7 - (1 - -2))) + 0?
5
-25 - -24 - (-2 - 1) - 7
-5
What is -6 - (-14 + 10 + 5)?
-7
Calculate 6 + -1 + (-4 - 1).
0
Evaluate 10 - (1 - (-4 - 0 - -3)).
8
What is the value of -5 + 1 - (0 + 8 + -13)?
1
8 + (-7 - -3 - 0)
4
What is -4 - (-1 + -4 + 7 + -1)?
-5
Calculate (3 - -1) + -11 - (4 + -6).
-5
-10 + (6 - -3) + (-5 - 1)
-7
6 + -4 - (3 + -1 + -1)
1
Evaluate -2 + -4 + 17 + -4.
7
-4 + -1 + (-16 - (-34 + 13))
0
Evaluate 1 - 0 - (-5 - (-13 + 13)).
6
Calculate 11 + (-4 - (-7 + 8)).
6
-2 + 0 + (-4 - -2)
-4
What is the value of 7 + -4 - (14 + -7)?
-4
What is the value of 0 + -3 + 2 + (16 - 11)?
4
What is (2 - 8) + 3 + 7?
4
What is -1 + 9 - (5 - 1)?
4
Evaluate -6 + 1 + 3 + 5.
3
-14 - -2 - (31 + -39)
-4
What is the value of (4 - 2) + -3 - -3?
2
Evaluate (-3 - -7 - 5) + -2.
-3
3 - 9 - (-3 - 1)
-2
What is 11 - (0 - (9 - 16))?
4
(3 - 9 - 9) + 8
-7
What is the value of 2 - (1 + 4 - 6)?
3
Evaluate 4 + (-2 - ((4 - 2) + -1)).
1
What is -1 + -4 + 2 - (0 - 1)?
-2
What is -6 + 3 - -5 - (-3 + 7)?
-2
Calculate -25 + (-7 + 9 - -12).
-11
What is -5 - -2 - (-5 - 1)?
3
1 + -2 + 1 - 1
-1
-4 + -1 - (4 + 1 + -6)
-4
Calculate -16 + 8 - (1 + -4).
-5
What is the value of 1 - 1 - (78 - 70)?
-8
Evaluate 3 + 5 + -8 + -5 + 3.
-2
(-9 - (-21 - -16)) + (0 - -10)
6
-3 + (0 - (-3 + 2)) + -2
-4
Evaluate -1 - 4 - (7 - 13).
1
Evaluate -4 + 1 + (-4 - -3).
-4
Calculate (0 - 3) + -1 - (-2 - 3).
1
6 - 7 - 6 - -9
2
Evaluate -3 + (-9 - (11 - 21)).
-2
What is the value of -5 + (-11 - -8) - -7?
-1
What is ((-5 - -1) + -1 - -10) + -6?
-1
Calculate 1 - ((-2 - -7) + (0 - 1)).
-3
0 + -4 + 9 + -4
1
Evaluate -3 - -4 - -2 - -2.
5
What is the value of 2 + (-2 + -2 - 2)?
-4
What is the value of -3 + (4 - 8) + 13?
6
What is the value of 4 + 3 - (22 + -25)?
10
Evaluate 5 + -9 + (-5 - (-4 - 2)).
-3
Evaluate -12 + -12 + 0 + 30.
6
Calculate -3 + (-4 - 0 - -2) + 9.
4
Evaluate -3 - 4 - (-14 - -11).
-4
What is 4 + (-4 - -1) + -2 + -4?
-5
What is the value of -4 - (-8 + (-8 - -6))?
6
Evaluate 0 - (-2 + (3 - (0 + -3))).
-4
What is (7 - -3) + 6 + -10?
6
What is (-14 + 7 - -4) + 1?
-2
What is the value of (0 - 1) + -1 + -1?
-3
What is 0 - (0 + (-5 - -3))?
2
Calculate -6 + (7 - -2) - (-1 + -3).
7
1 + (4 - 3) + 1
3
2 + 0 + -2 + -2 + 5
3
Evaluate 9 - 4 - (7 + 0).
-2
What is 8 + (5 - 4 - -5 - 6)?
8
What is the value of 5 - (0 + 6 + 0 + -6)?
5
What is the value of (0 - 9) + (-40 - -45)?
-4
What is -6 - (-6 - (3 + (-2 - 5)))?
-4
Evaluate 1 + -11 - (10 - 3 - 13).
-4
Calculate -11 - -6 - (-18 - -18).
-5
(10 - (8 + 0)) + -8
-6
Evaluate 17 + -22 - (4 - 10 - -2).
-1
-2 + 4 + 2 + -7 + 3
0
Evaluate -75 + 66 + (-2 - -14).
3
What is the value of -2 + (-1 - -7) - (67 + -67)?
4
What is 5 + (-4 - -8) + -4?
5
Evaluate 1 - (-7 + -8 - -11).
5
-65 - -58 - (-1 + -16)
10
What is the value of 2 + (-8 - -3) - (31 + -39)?
5
What is the value of 20 - (17 + (8 - 11))?
6
What is 0 + (1 - 4 - -3) - 1?
-1
What is the value of 3 + (-7 - (8 - 6) - -1)?
-5
89 - 86 - (-1 - 0)
4
(-13 - (3 - 11)) + 10
5
Evaluate -1 + (-1 + 3 + -1 - -5).
5
What is the value of -2 + 14 + -15 + 5?
2
What is the value of -9 - -6 - 1 - -4?
0
What is the value of 1 + -5 + (-2 - 5) + 7?
-4
What is the value of (7 - 10) + 4 - (2 - -4)?
-5
What is the value of -7 + 2 + 2 + 6 - 0?
3
Evaluate 2 + 0 - (49 + -44).
-3
Evaluate (-6 - -1) + 0 + 1.
-4
-4 - -4 - (-3 - -7)
-4
Calculate 1 + (-3 - 8) + 7.
-3
Calculate (8 + -3 - (0 + 1)) + -4.
0
(-3 - 0) + -2 + (-14 - -14)
-5
What is 3 + 7 + (5 - 11)?
4
3 - ((-12 - -7) + 17)
-9
1 - 4 - (156 - 153)
-6
Evaluate -7 + -3 + 1 + (6 - 5).
-8
Evaluate -5 + (-1 - -9) + -7.
-4
Calculate 10 - ((11 - -3) + -8).
4
1 - (13 - (5 + 4))
-3
What is the value of (-17 - 0) + (-11 - (-20 - -1))?
-9
What is the value of -1 + 9 - (2 - (4 + -8))?
2
-12 + -1 + 0 + 17
4
Evaluate 2 + 0 + 2 + -7.
-3
44 - 37 - (12 + -2)
-3
Calculate 5 + (-4 - (6 + -6 + 3)).
-2
Evaluate -16 - -13 - (-4 + -2).
3
Calculate 1 + -5 + 2 + (-7 - -2).
-7
What is 1 - (2 - 3) - -3?
5
Calculate 2 + -2 + 3 + (-8 - -8).
3
What is the value of 3 + (2 - 1) + -9?
-5
Calculate (-3 - (-2 + -6)) + -10 + 1.
-4
Calculate 10 + (1 - 4) + (-91 - -80).
-4
Evaluate (-2 - 5) + -31 + 35.
-3
1 + -4 + (14 - 14) + -1
-4
Calculate 1 - -3 - 15 - -15.
4
What is the value of -13 + 2 + -2 + (15 - 9)?
-7
Calculate (26 - 12) + -8 - (-1 - -6).
1
Calculate (7 - 3) + -3 + 3.
4
-5 + (4 - 1) + 1 + 2
1
(17 - 7) + -1 + -16
-7
What is 1 - ((-3 - -3) + 3)?
-2
Calculate 2 + 0 + -3 + 1 + -5.
-5
Calculate 2 + 3 + (-29 - -20).
-4
What is the value of -4 - -9 - (12 - 9)?
2
What is the value of -15 + 12 - (-1 + 1) - 2?
-5
What is 4 + (0 - 3) - -2?
3
What is the value of 3 + 0 - (15 - 13)?
1
(-5 - -6) + 6 + -12
-5
What is the value of (-52 - -50) + (-4 - 1)?
-7
1 + (2 - (-4 + 4))
3
6 + -1 + (3 - 8) + -5
-5
What is the value of 143 + -150 - (1 + -15)?
7
What is the value of -14 - -14 - (2 - (0 - -2))?
0
-2 - (0 + -9 + -1 - -4)
4
Evaluate -4 + (15 - 8 - -3).
6
Evaluate (-1 - -6 - (-8 - -12)) + -4.
-3
What is the value of (12 + -6 - 12 - -7) + 3?
4
Calculate (-10 - (0 - 3)) + 8.
1
What is the value of -4 + (7 - (-2 + 7)) + -1?
-3
Calculate -4 - (4 - (0 - -1 - -3)).
-4
Calculate -8 + 3 + 1 - -3.
-1
What is (-2 - 0) + 4 + 1 + -3?
0
What is (3 - -1) + (-4 - 0)?
0
(-4 - 2) + 4 - -4
2
Calculate (-6 - -1) + -11 + 4 + 8.
-4
5 - (6 + -4 - 3)
6
What is 1 + (0 - (10 - 5))?
-4
Calculate 18 + -14 + 1 + (0 - 0).
5
Evaluate 1 + (0 - -3) + 1 + -4.
1
What is 5 + -6 - (-1 + 6 - 7)?
1
2 + 5 + (-4 - 0)
3
0 - -1 - -1 - (-1 + 4)
-1
Calculate -1 + (6 - (9 - 4 - -1)).
-1
Evaluate 0 + (-6 - -7) - (1 - 0).
0
8 + -1 + (-17 - -8)
-2
Calculate 15 - 5 - (20 - 2).
-8
What is 2 + (-1 - 5 - (-1 - 1))?
-2
(2 - (-1 + 8)) + 6
1
Calculate -6 + -6 + 11 + 5.
4
What is 2 + 1 + 8 + -8?
3
What is 1 + 1 + -4 + (8 - 4)?
2
What is (-4 - -1) + -1 + 5 + -5?
-4
5 - (2 + 2) - (-3 - -1)
3
Evaluate -7 - -1 - ((0 - 1) + -5).
0
0 + -1 + 4 + 0 - -2
5
Evaluate 5 + (4 - 3 - (6 + -2)).
2
Calculate -6 + (2 - (6 - 7)).
-3
What is the value of -4 + 3 + 3 + 2?
4
-3 + -1 + 4 + (2 - 4)
-2
Calculate -3 + 0 + (5 - 5 - -1).
-2
-2 + 2 + (0 - -1)
1
-152 + 155 + -1 + 3
5
What is the value of -3 - (-13 + 5) - -1?
6
Evaluate -9 + 5 + (-1 - -1) + -1.
-5
What is (0 - -5) + -6 - (1 - 6)?
4
What is 0 - (5 + -7 + 3 + 1)?
-2
What is (1 - -2) + 8 + -6?
5
(3 - 1) + -4 + -2 + -1
-5
What is (7 - 17) + 8 - (-4 - 0)?
2
What is the value of -5 - -4 - (-1 - -1) - -3?
2
What is -2 + 1 + (-3 + 3 - 4)?
-5
Calculate -3 - -1 - (-13 + 4 + 6).
1
Calculate 5 + (6 - 13) + 2.
0
6 + -1 + -13 + 4
-4
What is the value of -2 - (-2 - (1 + -7))?
-6
8 + -8 - (1 - 3) - 8
-6
Calculate 7 + (0 - -5 - 7).
5
Calculate -5 - (5 - 14) - 1.
3
What is (7 - -1) + -8 - -6 - 6?
0
Calculate (0 - 1 - -3) + -4.
-2
Calculate -8 + 5 - -4 - 6.
-5
0 + 14 + (-5 - 2)
7
What is the value of 11 - (2 + 2 - 0) - 3?
4
What is the value of 4 + (-3 + 0 - 1) - 0?
0
-4 + 6 + (2 + -4 - 6)
-6
What is (1 - 0) + 0 + (5 - 2)?
4
What is 0 + (-5 - (-8 + 10))?
-7
Calculate 3 + (-6 - -7) - 3.
1
What is -2 + 4 + -1 + 1 + 0?
2
What is the value of -7 + (-2 + -2 - (-9 + -12))?
10
What is the value of -2 + (2 - 3) + -3 - -5?
-1
-164 + 179 + 0 + -10
5
What is -1 - -2 - (2 + -6 + 6)?
-1
(0 - (3 - 1)) + (0 - -2)
0
What is 2 + -1 - ((-2 - 3) + 2)?
4
Evaluate 0 + (0 - (-2 + 1 - -1)).
0
-2 + -1 - 0 - (2 + -5)
0
What is the value of (-1 - -2) + (2 - 2)?
1
What is -51 + 57 - (0 - 1)?
7
What is (19 - 19) + 1 + 0?
1
Calculate -1 - (5 - (0 - (1 + -2))).
-5
-4 + 9 + (-1 - 0)
4
3 - (3 - 2) - 3
-1
Calculate -3 - 1 - (-1 - 2).
-1
-2 - ((5 - -1) + -5)
-3
Calculate (-5 - (-9 + 6 + 0)) + -4.
-6
What is (45 - 31) + 2 + -10?
6
Evaluate -4 + (2 - (3 - 11)) + -4.
2
(3 - (3 - 3)) + -5 + 2
0
What is (8 + -3 - 7) + 5?
3
Calculate (5 - 1) + 1 - 2.
3
What is the value of (24 - 14 - 13) + 10 + -1?
6
Evaluate -5 + 7 + (2 - 5).
-1
What is 7 + -5 + 1 + (1 - 0)?
4
What is the value of (-1 - -14)